{"id":4106,"date":"2021-11-16T16:14:47","date_gmt":"2021-11-16T16:14:47","guid":{"rendered":"https:\/\/avadawebsites.wpengine.com\/classic\/?page_id=4106"},"modified":"2025-09-01T15:05:58","modified_gmt":"2025-09-01T13:05:58","slug":"corporate-faq","status":"publish","type":"page","link":"https:\/\/desa.derechoamorir.org\/?page_id=4106","title":{"rendered":"Testamento Vital"},"content":{"rendered":"<p><div class=\"fusion-fullwidth fullwidth-box fusion-builder-row-1 fusion-flex-container nonhundred-percent-fullwidth non-hundred-percent-height-scrolling fusion-animated\" style=\"--awb-border-sizes-top:0px;--awb-border-sizes-bottom:0px;--awb-border-sizes-left:0px;--awb-border-sizes-right:0px;--awb-border-radius-top-left:0px;--awb-border-radius-top-right:0px;--awb-border-radius-bottom-right:0px;--awb-border-radius-bottom-left:0px;--awb-padding-top:0px;--awb-margin-top:0px;--awb-margin-bottom:120px;--awb-margin-bottom-medium:80px;--awb-margin-bottom-small:60px;--awb-flex-wrap:wrap;\" data-animationType=\"fadeInUp\" data-animationDuration=\"1.3\" data-animationOffset=\"top-into-view\" ><div class=\"fusion-builder-row fusion-row fusion-flex-align-items-center fusion-flex-content-wrap\" style=\"max-width:1216.8px;margin-left: calc(-4% \/ 2 );margin-right: calc(-4% \/ 2 );\"><div class=\"fusion-layout-column fusion_builder_column fusion-builder-column-0 fusion-flex-column\" style=\"--awb-bg-blend:overlay;--awb-bg-size:cover;--awb-width-large:40%;--awb-margin-top-large:0px;--awb-spacing-right-large:3.84%;--awb-margin-bottom-large:80px;--awb-spacing-left-large:4.8%;--awb-width-medium:40%;--awb-spacing-right-medium:3.84%;--awb-spacing-left-medium:4.8%;--awb-width-small:100%;--awb-spacing-right-small:1.92%;--awb-margin-bottom-small:15px;--awb-spacing-left-small:1.92%;\"><div class=\"fusion-column-wrapper fusion-flex-justify-content-flex-start fusion-content-layout-column\"><div class=\"fusion-title title fusion-title-1 fusion-title-text fusion-title-size-two\" style=\"--awb-margin-bottom:0px;--awb-font-size:37px;\"><div class=\"title-sep-container title-sep-container-left fusion-no-large-visibility fusion-no-medium-visibility fusion-no-small-visibility\"><div class=\"title-sep sep- sep-solid\" style=\"border-color:var(--awb-color3);\"><\/div><\/div><span class=\"awb-title-spacer fusion-no-large-visibility fusion-no-medium-visibility fusion-no-small-visibility\"><\/span><h2 class=\"fusion-title-heading title-heading-left fusion-responsive-typography-calculated\" style=\"margin:0;font-size:1em;text-transform:capitalize;--fontSize:37;line-height:1.35;\">tODO LO QUE NECESITAS SABER PARA HACER TU TESTAMENTO VITAL.<\/h2><span class=\"awb-title-spacer\"><\/span><div class=\"title-sep-container title-sep-container-right\"><div class=\"title-sep sep- sep-solid\" style=\"border-color:var(--awb-color3);\"><\/div><\/div><\/div><\/div><\/div><div class=\"fusion-layout-column fusion_builder_column fusion-builder-column-1 fusion-flex-column\" style=\"--awb-bg-blend:overlay;--awb-bg-size:cover;--awb-width-large:60%;--awb-margin-top-large:0px;--awb-spacing-right-large:3.2%;--awb-margin-bottom-large:80px;--awb-spacing-left-large:6.4%;--awb-width-medium:60%;--awb-spacing-right-medium:3.2%;--awb-spacing-left-medium:6.4%;--awb-width-small:100%;--awb-spacing-right-small:1.92%;--awb-spacing-left-small:1.92%;\"><div class=\"fusion-column-wrapper fusion-flex-justify-content-flex-start fusion-content-layout-column\"><div class=\"fusion-text fusion-text-1 fusion-text-no-margin\" style=\"--awb-text-transform:none;--awb-text-color:var(--awb-color7);\"><p style=\"text-align: center;\">La Asociaci\u00f3n Derecho a morir Dignamente recomienda la realizaci\u00f3n de este documento para la tomas de decisiones al final de la vida. <span style=\"letter-spacing: 0.285px; background-color: rgba(0, 0, 0, 0);\">Podemos ayudarte si lo necesitas.<\/span><\/p>\n<p style=\"text-align: center;\"><span style=\"letter-spacing: 0.285px; background-color: rgba(0, 0, 0, 0);\">\u00a0<\/span><\/p>\n<\/div><div style=\"text-align:center;\"><a class=\"fusion-button button-flat fusion-button-default-size button-default fusion-button-default button-1 fusion-button-default-span fusion-button-default-type\" style=\"--button_text_transform:none;\" target=\"_self\"><span class=\"fusion-button-text awb-button__text awb-button__text--default\">CONT\u00c1CTANOS<\/span><\/a><\/div><\/div><\/div><div class=\"fusion-layout-column fusion_builder_column fusion-builder-column-2 fusion_builder_column_1_1 1_1 fusion-flex-column\" style=\"--awb-bg-size:cover;--awb-width-large:100%;--awb-margin-top-large:0px;--awb-spacing-right-large:1.92%;--awb-margin-bottom-large:20px;--awb-spacing-left-large:1.92%;--awb-width-medium:100%;--awb-order-medium:0;--awb-spacing-right-medium:1.92%;--awb-spacing-left-medium:1.92%;--awb-width-small:100%;--awb-order-small:0;--awb-spacing-right-small:1.92%;--awb-spacing-left-small:1.92%;\"><div class=\"fusion-column-wrapper fusion-column-has-shadow fusion-flex-justify-content-flex-start fusion-content-layout-column\"><div class=\"accordian fusion-accordian\" style=\"--awb-border-size:1px;--awb-icon-size:16px;--awb-content-font-size:19px;--awb-icon-alignment:left;--awb-hover-color:var(--awb-color2);--awb-border-color:var(--awb-color3);--awb-background-color:var(--awb-color1);--awb-divider-color:var(--awb-color2);--awb-divider-hover-color:var(--awb-color2);--awb-icon-color:var(--awb-color1);--awb-title-color:hsla(var(--awb-color8-h),var(--awb-color8-s),calc( var(--awb-color8-l) + 20% ),var(--awb-color8-a));--awb-content-color:var(--awb-color7);--awb-icon-box-color:var(--awb-color6);--awb-toggle-hover-accent-color:var(--awb-color4);--awb-title-font-family:-apple-system, BlinkMacSystemFont, &#039;Segoe UI&#039;, Roboto, Oxygen-Sans, Ubuntu, Cantarell, &#039;Helvetica Neue&#039; ,sans-serif;--awb-title-font-weight:700;--awb-title-font-style:normal;--awb-title-font-size:18px;--awb-content-font-family:&quot;Roboto&quot;;--awb-content-font-style:normal;--awb-content-font-weight:300;\"><div class=\"panel-group fusion-toggle-icon-boxed\" id=\"accordion-4106-1\"><div class=\"fusion-panel panel-default panel-5a1be7a9690055293 fusion-toggle-has-divider\"><div class=\"panel-heading\"><h4 class=\"panel-title toggle\" id=\"toggle_5a1be7a9690055293\"><a aria-expanded=\"false\" aria-controls=\"5a1be7a9690055293\" role=\"button\" data-toggle=\"collapse\" data-parent=\"#accordion-4106-1\" data-target=\"#5a1be7a9690055293\" href=\"#5a1be7a9690055293\"><span class=\"fusion-toggle-icon-wrapper\" aria-hidden=\"true\"><i class=\"fa-fusion-box active-icon awb-icon-minus\" aria-hidden=\"true\"><\/i><i class=\"fa-fusion-box inactive-icon awb-icon-plus\" aria-hidden=\"true\"><\/i><\/span><span class=\"fusion-toggle-heading\">ANDALUC\u00cdA<\/span><\/a><\/h4><\/div><div id=\"5a1be7a9690055293\" class=\"panel-collapse collapse \" aria-labelledby=\"toggle_5a1be7a9690055293\"><div class=\"panel-body toggle-content fusion-clearfix\">\n<p style=\"padding-left: 0px;\">Llama al 955 545 060 (Salud Responde) y pide cita para registrar tu Voluntad Vital Anticipada.<\/p>\n<p style=\"padding-left: 0px;\">Descarga los cuatro documentos necesarios y cumplim\u00e9ntalo con tus datos.<\/p>\n<p style=\"padding-left: 0px;\">ANEXO I<\/p>\n<p style=\"padding-left: 0px;\">ANEXO II (cumplimentado con las recomendaciones de DMD)<\/p>\n<p style=\"padding-left: 0px;\">ANEXO III<\/p>\n<p style=\"padding-left: 0px;\">ANEXO IV<\/p>\n<p>ANEXO V (cumplimentado con las recomendaciones de DMD<\/p>\n<p>Si no puedes rellenar los recuadros del documento descarga el programa Acrobat Reader (es gratuito y compatible).<\/p>\n<p>El ANEXO II lo hemos cumplimentado con las recomendaciones de DMD, pero recuerda que es tu testamento vital y que debes adaptarlo a tus deseos.<\/p>\n<p>Imprime tus documentos cumplimentados y entr\u00e9galos el d\u00eda de tu cita. Adem\u00e1s, te solicitar\u00e1n identificarte con tu DNI y llevar una fotocopia compulsada del DNI de las personas a las que designes como tus representantes.<\/p>\n<p>Las representantes tambi\u00e9n pueden dar su consentimiento en el mismo formulario para que la persona del registro lo identifique directamente a trav\u00e9s de un sistema telem\u00e1tico (no har\u00eda falta traer el DNI).<\/p>\n<\/div><\/div><\/div><\/div><\/div><div class=\"accordian fusion-accordian\" style=\"--awb-border-size:1px;--awb-icon-size:16px;--awb-content-font-size:19px;--awb-content-text-transform:none;--awb-icon-alignment:left;--awb-hover-color:var(--awb-color2);--awb-border-color:var(--awb-color3);--awb-background-color:var(--awb-color1);--awb-divider-color:var(--awb-color2);--awb-divider-hover-color:var(--awb-color2);--awb-icon-color:var(--awb-color1);--awb-title-color:hsla(var(--awb-color8-h),var(--awb-color8-s),calc( var(--awb-color8-l) + 20% ),var(--awb-color8-a));--awb-content-color:var(--awb-color7);--awb-icon-box-color:var(--awb-color6);--awb-toggle-hover-accent-color:var(--awb-color4);--awb-title-font-family:-apple-system, BlinkMacSystemFont, &#039;Segoe UI&#039;, Roboto, Oxygen-Sans, Ubuntu, Cantarell, &#039;Helvetica Neue&#039; ,sans-serif;--awb-title-font-weight:700;--awb-title-font-style:normal;--awb-title-font-size:18px;--awb-content-font-family:&quot;Roboto&quot;;--awb-content-font-style:normal;--awb-content-font-weight:300;\"><div class=\"panel-group fusion-toggle-icon-boxed\" id=\"accordion-4106-2\"><div class=\"fusion-panel panel-default panel-9cbc1182c217a7346 fusion-toggle-has-divider\"><div class=\"panel-heading\"><h4 class=\"panel-title toggle\" id=\"toggle_9cbc1182c217a7346\"><a aria-expanded=\"false\" aria-controls=\"9cbc1182c217a7346\" role=\"button\" data-toggle=\"collapse\" data-parent=\"#accordion-4106-2\" data-target=\"#9cbc1182c217a7346\" href=\"#9cbc1182c217a7346\"><span class=\"fusion-toggle-icon-wrapper\" aria-hidden=\"true\"><i class=\"fa-fusion-box active-icon awb-icon-minus\" aria-hidden=\"true\"><\/i><i class=\"fa-fusion-box inactive-icon awb-icon-plus\" aria-hidden=\"true\"><\/i><\/span><span class=\"fusion-toggle-heading\">ASTURIAS<\/span><\/a><\/h4><\/div><div id=\"9cbc1182c217a7346\" class=\"panel-collapse collapse \" aria-labelledby=\"toggle_9cbc1182c217a7346\"><div class=\"panel-body toggle-content fusion-clearfix\">\n<p>Descarga el modelo propuesto por DMD de Instrucciones Previas. Este documento es una modificaci\u00f3n del documento propuesto por Astursalud. En la p\u00e1gina dos hemos incorporado nuestras recomendaciones. Son instrucciones redactadas por especialistas en final de vida (m\u00e9dicos, enfermeras, juristas, paliativistas&#8230;.). Cumplimenta el documento e impr\u00edmelo.<\/p>\n<p>Si no puedes rellenar los recuadros del documento descarga el programa Acrobat Reader (es gratuito y compatible).<\/p>\n<p>Si prefieres usar el modelo propuesto por AsturSalud desc\u00e1rgatelo aqu\u00ed.<\/p>\n<p>Puedes formalizar tu documento de tres formas:<\/p>\n<p>ANTE LA TRABAJADORA SOCIAL DE TU CENTRO DE SALUD. No se precisa ning\u00fan testigo.<\/p>\n<p>EN EL REGISTRO DE INSTRUCCIONES PREVIAS EN LA CONSEJER\u00cdA DE SALUD (CON CITA PREVIA). No se precisa ning\u00fan testigo.<\/p>\n<p>Registro de Instrucciones Previas<\/p>\n<p>Edificio Calatrava<\/p>\n<p>Calle Ciriaco Miguel Vigil, 9 (Oviedo)<\/p>\n<p>Tlf: 985 962 777<\/p>\n<p>EN AYUNTAMIENTOS Y OFICINAS DE REGISTRO DE LA ADMINISTRACI\u00d3N DEL PRINCIPADO DE ASTURIAS Y OFICINAS CONCERTADAS. Se precisa la firma de tres testigos (al menos dos no pueden ser familiares de quien los suscribe), no siendo necesario que estos acudan ni la fotocopia de su DNI, salvo que exista oposici\u00f3n por parte de los interesados para que la Administraci\u00f3n verifique sus datos personales, en cuyo caso, deber\u00e1n presentarse fotocopias compulsadas de los mismos. Puede verse la relaci\u00f3n por municipios en este enlace. Tambi\u00e9n puedes hacer tu documento de voluntades anticipadas en la notar\u00eda (tiene coste econ\u00f3mico).<\/p>\n<\/div><\/div><\/div><\/div><\/div><div class=\"accordian fusion-accordian\" style=\"--awb-border-size:1px;--awb-icon-size:16px;--awb-content-font-size:19px;--awb-content-text-transform:none;--awb-icon-alignment:left;--awb-hover-color:var(--awb-color2);--awb-border-color:var(--awb-color3);--awb-background-color:var(--awb-color1);--awb-divider-color:var(--awb-color2);--awb-divider-hover-color:var(--awb-color2);--awb-icon-color:var(--awb-color1);--awb-title-color:hsla(var(--awb-color8-h),var(--awb-color8-s),calc( var(--awb-color8-l) + 20% ),var(--awb-color8-a));--awb-content-color:var(--awb-color7);--awb-icon-box-color:var(--awb-color6);--awb-toggle-hover-accent-color:var(--awb-color4);--awb-title-font-family:-apple-system, BlinkMacSystemFont, &#039;Segoe UI&#039;, Roboto, Oxygen-Sans, Ubuntu, Cantarell, &#039;Helvetica Neue&#039; ,sans-serif;--awb-title-font-weight:700;--awb-title-font-style:normal;--awb-title-font-size:18px;--awb-content-font-family:&quot;Roboto&quot;;--awb-content-font-style:normal;--awb-content-font-weight:300;\"><div class=\"panel-group fusion-toggle-icon-boxed\" id=\"accordion-4106-3\"><div class=\"fusion-panel panel-default panel-6ecb878e12b55396b fusion-toggle-has-divider\"><div class=\"panel-heading\"><h4 class=\"panel-title toggle\" id=\"toggle_6ecb878e12b55396b\"><a aria-expanded=\"false\" aria-controls=\"6ecb878e12b55396b\" role=\"button\" data-toggle=\"collapse\" data-parent=\"#accordion-4106-3\" data-target=\"#6ecb878e12b55396b\" href=\"#6ecb878e12b55396b\"><span class=\"fusion-toggle-icon-wrapper\" aria-hidden=\"true\"><i class=\"fa-fusion-box active-icon awb-icon-minus\" aria-hidden=\"true\"><\/i><i class=\"fa-fusion-box inactive-icon awb-icon-plus\" aria-hidden=\"true\"><\/i><\/span><span class=\"fusion-toggle-heading\">BALEARES<\/span><\/a><\/h4><\/div><div id=\"6ecb878e12b55396b\" class=\"panel-collapse collapse \" aria-labelledby=\"toggle_6ecb878e12b55396b\"><div class=\"panel-body toggle-content fusion-clearfix\">\n<p><span style=\"letter-spacing: 0.285px; background-color: rgba(0, 0, 0, 0);\"><b>DMD Recomienda este procedimiento:<\/b><\/span><\/p>\n<ol>\n<li>Descarga el modelo de <a href=\"https:\/\/derechoamorir.org\/wp-content\/uploads\/2025\/08\/TV_DMD_BAL_Registro_2025.pdf\" target=\"_blank\" rel=\"noopener noreferrer\"><b>testamento vital de DMD<\/b><\/a>, impr\u00edmelo y rellena tus datos.<\/li>\n<li>Es recomendable designar uno o dos representantes. Su papel es defender tu testamento vital ante el equipo m\u00e9dico. Te recomendamos que sea una persona de tu confianza y m\u00e1s joven que t\u00fa.<\/li>\n<li>Incluye una fotocopia compulsada de los DNIs de todas las personas que firman en tu testamento vital.<\/li>\n<li>Descarga la <b>solicitud de inscripci\u00f3n<\/b> del documento de voluntades anticipadas, impr\u00edmela y rell\u00e9nala.<\/li>\n<li>Env\u00eda por carta toda la documentaci\u00f3n al Registre de Voluntats Anticipades de Palma o hazlo en persona en alguna de sus sedes (hay que pedir cita).<\/li>\n<\/ol>\n<blockquote>\n<p>Registre de Voluntats Ancitipades de Palma<br \/>\nCarrer Cal\u00e7at, 2A, 2\u00aa planta<br \/>\n07010 (Palma)<br \/>\nTlf: 900 701 130<\/p>\n<\/blockquote>\n<p><b>Otros m\u00e9todos de registro: Ante testigos<\/b><\/p>\n<ol>\n<li>No es obligatorio registrar tu testamento vital, aunque s\u00ed recomendable. En caso de urgencia, o si tienes problemas de movilidad, puedes hacer un testamento vital ante testigos.<\/li>\n<li>Descarga el <b><a href=\"https:\/\/derechoamorir.org\/wp-content\/uploads\/2023\/04\/TV_DMD_3_testigos_Federal_2025.pdf\" target=\"_blank\" rel=\"noopener noreferrer\">testamento vital de DMD<\/a><\/b>, impr\u00edmelo y rell\u00e9nalo con tus datos personales.<\/li>\n<li>Busca las firmas de tres testigos. Deben ser tres personas mayores de edad que firman el documento para dar fe de que lo haces libremente y en plenitud de facultades mentales. Dos de ellas no pueden ser tus familiares ni tener relaci\u00f3n patrimonial contigo.<\/li>\n<li>El documento tiene la misma validez aunque no est\u00e9 registrado, pero tienes que asegurarte de que alguien se lo ense\u00f1ar\u00e1 al personal sanitario que te atienda en tu proceso de morir.<\/li>\n<\/ol>\n<\/div><\/div><\/div><\/div><\/div><\/div><\/div><\/div><\/div><div class=\"fusion-fullwidth fullwidth-box fusion-builder-row-2 fusion-flex-container nonhundred-percent-fullwidth non-hundred-percent-height-scrolling fusion-animated\" style=\"--awb-border-sizes-top:0px;--awb-border-sizes-bottom:0px;--awb-border-sizes-left:0px;--awb-border-sizes-right:0px;--awb-border-radius-top-left:0px;--awb-border-radius-top-right:0px;--awb-border-radius-bottom-right:0px;--awb-border-radius-bottom-left:0px;--awb-padding-top:0px;--awb-margin-top:0px;--awb-margin-bottom:120px;--awb-margin-bottom-medium:80px;--awb-margin-bottom-small:60px;--awb-flex-wrap:wrap;\" data-animationType=\"fadeInUp\" data-animationDuration=\"1.3\" data-animationOffset=\"top-into-view\" ><div class=\"fusion-builder-row fusion-row fusion-flex-align-items-center fusion-flex-content-wrap\" style=\"max-width:1216.8px;margin-left: calc(-4% \/ 2 );margin-right: calc(-4% \/ 2 );\"><div class=\"fusion-layout-column fusion_builder_column fusion-builder-column-3 fusion-flex-column\" style=\"--awb-bg-blend:overlay;--awb-bg-size:cover;--awb-width-large:40%;--awb-margin-top-large:0px;--awb-spacing-right-large:3.84%;--awb-margin-bottom-large:80px;--awb-spacing-left-large:4.8%;--awb-width-medium:40%;--awb-spacing-right-medium:3.84%;--awb-spacing-left-medium:4.8%;--awb-width-small:100%;--awb-spacing-right-small:1.92%;--awb-margin-bottom-small:15px;--awb-spacing-left-small:1.92%;\"><div class=\"fusion-column-wrapper fusion-flex-justify-content-flex-start fusion-content-layout-column\"><div class=\"fusion-title title fusion-title-2 fusion-title-text fusion-title-size-two\" style=\"--awb-margin-bottom:0px;--awb-font-size:37px;\"><div class=\"title-sep-container title-sep-container-left fusion-no-large-visibility fusion-no-medium-visibility fusion-no-small-visibility\"><div class=\"title-sep sep- sep-solid\" style=\"border-color:var(--awb-color3);\"><\/div><\/div><span class=\"awb-title-spacer fusion-no-large-visibility fusion-no-medium-visibility fusion-no-small-visibility\"><\/span><h2 class=\"fusion-title-heading title-heading-left fusion-responsive-typography-calculated\" style=\"margin:0;font-size:1em;text-transform:capitalize;--fontSize:37;line-height:1.35;\">tODO LO QUE NECESITAS SABER PARA HACER TU TESTAMENTO VITAL.<\/h2><span class=\"awb-title-spacer\"><\/span><div class=\"title-sep-container title-sep-container-right\"><div class=\"title-sep sep- sep-solid\" style=\"border-color:var(--awb-color3);\"><\/div><\/div><\/div><\/div><\/div><div class=\"fusion-layout-column fusion_builder_column fusion-builder-column-4 fusion-flex-column\" style=\"--awb-bg-blend:overlay;--awb-bg-size:cover;--awb-width-large:60%;--awb-margin-top-large:0px;--awb-spacing-right-large:3.2%;--awb-margin-bottom-large:80px;--awb-spacing-left-large:6.4%;--awb-width-medium:60%;--awb-spacing-right-medium:3.2%;--awb-spacing-left-medium:6.4%;--awb-width-small:100%;--awb-spacing-right-small:1.92%;--awb-spacing-left-small:1.92%;\"><div class=\"fusion-column-wrapper fusion-flex-justify-content-flex-start fusion-content-layout-column\"><div class=\"fusion-text fusion-text-2 fusion-text-no-margin\" style=\"--awb-text-transform:none;--awb-text-color:var(--awb-color7);\"><p style=\"text-align: center;\">La Asociaci\u00f3n Derecho a morir Dignamente recomienda la realizaci\u00f3n de este documento para la tomas de decisiones al final de la vida. <span style=\"letter-spacing: 0.285px; background-color: rgba(0, 0, 0, 0);\">Podemos ayudarte si lo necesitas.<\/span><\/p>\n<p style=\"text-align: center;\"><span style=\"letter-spacing: 0.285px; background-color: rgba(0, 0, 0, 0);\">\u00a0<\/span><\/p>\n<\/div><div style=\"text-align:center;\"><a class=\"fusion-button button-flat fusion-button-default-size button-default fusion-button-default button-2 fusion-button-default-span fusion-button-default-type\" style=\"--button_text_transform:none;\" target=\"_self\"><span class=\"fusion-button-text awb-button__text awb-button__text--default\">CONT\u00c1CTANOS<\/span><\/a><\/div><\/div><\/div><div class=\"fusion-layout-column fusion_builder_column fusion-builder-column-5 fusion_builder_column_1_1 1_1 fusion-flex-column\" style=\"--awb-bg-size:cover;--awb-width-large:100%;--awb-margin-top-large:0px;--awb-spacing-right-large:1.92%;--awb-margin-bottom-large:20px;--awb-spacing-left-large:1.92%;--awb-width-medium:100%;--awb-order-medium:0;--awb-spacing-right-medium:1.92%;--awb-spacing-left-medium:1.92%;--awb-width-small:100%;--awb-order-small:0;--awb-spacing-right-small:1.92%;--awb-spacing-left-small:1.92%;\"><div class=\"fusion-column-wrapper fusion-column-has-shadow fusion-flex-justify-content-flex-start fusion-content-layout-column\"><div class=\"fusion-form fusion-form-builder fusion-form-form-wrapper fusion-form-5258\" style=\"--awb-tooltip-text-color:#ffffff;--awb-tooltip-background-color:#333333;--awb-field-margin-top:15px;--awb-field-margin-bottom:15px;\" data-form-id=\"5258\" data-config=\"{&quot;form_id&quot;:&quot;5258&quot;,&quot;form_post_id&quot;:&quot;5258&quot;,&quot;post_id&quot;:4106,&quot;form_type&quot;:&quot;ajax&quot;,&quot;confirmation_type&quot;:&quot;&quot;,&quot;redirect_url&quot;:&quot;&quot;,&quot;field_labels&quot;:{&quot;&quot;:&quot;&quot;},&quot;field_logics&quot;:{&quot;&quot;:&quot;&quot;},&quot;field_types&quot;:{&quot;&quot;:&quot;select&quot;},&quot;nonce_method&quot;:&quot;ajax&quot;}\"><form action=\"https:\/\/desa.derechoamorir.org\/?page_id=4106\" method=\"method\" class=\"fusion-form fusion-form-5258\"><div class=\"fusion-fullwidth fullwidth-box fusion-builder-row-2-1 fusion-flex-container has-pattern-background has-mask-background nonhundred-percent-fullwidth non-hundred-percent-height-scrolling\" style=\"--awb-border-radius-top-left:0px;--awb-border-radius-top-right:0px;--awb-border-radius-bottom-right:0px;--awb-border-radius-bottom-left:0px;--awb-flex-wrap:wrap;\" ><div class=\"fusion-builder-row fusion-row fusion-flex-align-items-flex-start fusion-flex-content-wrap\" style=\"width:104% !important;max-width:104% !important;margin-left: calc(-4% \/ 2 );margin-right: calc(-4% \/ 2 );\"><div class=\"fusion-layout-column fusion_builder_column fusion-builder-column-6 fusion_builder_column_1_1 1_1 fusion-flex-column\" style=\"--awb-bg-size:cover;--awb-width-large:100%;--awb-margin-top-large:0px;--awb-spacing-right-large:1.92%;--awb-margin-bottom-large:20px;--awb-spacing-left-large:1.92%;--awb-width-medium:100%;--awb-order-medium:0;--awb-spacing-right-medium:1.92%;--awb-spacing-left-medium:1.92%;--awb-width-small:100%;--awb-order-small:0;--awb-spacing-right-small:1.92%;--awb-spacing-left-small:1.92%;\"><div class=\"fusion-column-wrapper fusion-column-has-shadow fusion-flex-justify-content-flex-start fusion-content-layout-column\"><div class=\"fusion-form-field fusion-form-select-field fusion-form-label-above\" style=\"\" data-form-id=\"5258\"><div class=\"fusion-select-wrapper\"><select autocomplete=\"off\" tabindex=\"\" id=\"\" name=\"\" class=\"fusion-form-input\" data-holds-private-data=\"false\"><option value=\"\" disabled selected>Selecciona tu Comunidad Aut\u00f3noma<\/option><option value=\"ANDALUC\u00cdA\" >ANDALUC\u00cdA<\/option><option value=\"ASTURIAS\" >ASTURIAS<\/option><option value=\"BALEARES\" >BALEARES<\/option><option value=\"CANARIAS\" >CANARIAS<\/option><option value=\"CANTABRIA\" >CANTABRIA<\/option><option value=\"CASTILLA LA MANCHA\" >CASTILLA LA MANCHA<\/option><option value=\"CASTILLA Y LE\u00d3N\" >CASTILLA Y LE\u00d3N<\/option><option value=\"CATALUNYA\" >CATALUNYA<\/option><option value=\"CEUTA Y MELILLA\" >CEUTA Y MELILLA<\/option><option value=\"EUSKADI\" >EUSKADI<\/option><option value=\"EXTREMADURA\" >EXTREMADURA<\/option><option value=\"GALICIA\" >GALICIA<\/option><option value=\"MADRID\" >MADRID<\/option><option value=\"MURCIA\" >MURCIA<\/option><option value=\"NAVARRA\" >NAVARRA<\/option><option value=\"LA RIOJA\" >LA RIOJA<\/option><option value=\"COMUNITAT VALENCIANA\" >COMUNITAT VALENCIANA<\/option><\/select><div class=\"select-arrow\"><svg width=\"12\" height=\"8\" viewBox=\"0 0 12 8\" fill=\"none\" xmlns=\"http:\/\/www.w3.org\/2000\/svg\"> <path d=\"M1.5 1.75L6 6.25L10.5 1.75\" stroke=\"#6D6D6D\" stroke-width=\"2\" stroke-linecap=\"round\" stroke-linejoin=\"round\"\/> <\/svg><\/div><\/div><\/div><\/div><\/div><\/div><\/div><input type=\"hidden\" name=\"fusion_privacy_store_ip_ua\" value=\"false\"><input type=\"hidden\" name=\"fusion_privacy_expiration_interval\" value=\"48\"><input type=\"hidden\" name=\"privacy_expiration_action\" value=\"anonymize\"><\/form><\/div><\/div><\/div><\/div><\/div><div class=\"fusion-fullwidth fullwidth-box fusion-builder-row-3 fusion-flex-container has-pattern-background has-mask-background nonhundred-percent-fullwidth non-hundred-percent-height-scrolling\" style=\"--awb-border-radius-top-left:0px;--awb-border-radius-top-right:0px;--awb-border-radius-bottom-right:0px;--awb-border-radius-bottom-left:0px;--awb-flex-wrap:wrap;\" ><div class=\"fusion-builder-row fusion-row fusion-flex-align-items-flex-start fusion-flex-content-wrap\" style=\"max-width:1216.8px;margin-left: calc(-4% \/ 2 );margin-right: calc(-4% \/ 2 );\"><\/div><\/div><\/p>\n","protected":false},"excerpt":{"rendered":"","protected":false},"author":2,"featured_media":4108,"parent":0,"menu_order":0,"comment_status":"closed","ping_status":"closed","template":"100-width.php","meta":{"_acf_changed":false,"footnotes":""},"class_list":["post-4106","page","type-page","status-publish","has-post-thumbnail","hentry"],"acf":[],"_links":{"self":[{"href":"https:\/\/desa.derechoamorir.org\/index.php?rest_route=\/wp\/v2\/pages\/4106","targetHints":{"allow":["GET"]}}],"collection":[{"href":"https:\/\/desa.derechoamorir.org\/index.php?rest_route=\/wp\/v2\/pages"}],"about":[{"href":"https:\/\/desa.derechoamorir.org\/index.php?rest_route=\/wp\/v2\/types\/page"}],"author":[{"embeddable":true,"href":"https:\/\/desa.derechoamorir.org\/index.php?rest_route=\/wp\/v2\/users\/2"}],"replies":[{"embeddable":true,"href":"https:\/\/desa.derechoamorir.org\/index.php?rest_route=%2Fwp%2Fv2%2Fcomments&post=4106"}],"version-history":[{"count":11,"href":"https:\/\/desa.derechoamorir.org\/index.php?rest_route=\/wp\/v2\/pages\/4106\/revisions"}],"predecessor-version":[{"id":5261,"href":"https:\/\/desa.derechoamorir.org\/index.php?rest_route=\/wp\/v2\/pages\/4106\/revisions\/5261"}],"wp:featuredmedia":[{"embeddable":true,"href":"https:\/\/desa.derechoamorir.org\/index.php?rest_route=\/wp\/v2\/media\/4108"}],"wp:attachment":[{"href":"https:\/\/desa.derechoamorir.org\/index.php?rest_route=%2Fwp%2Fv2%2Fmedia&parent=4106"}],"curies":[{"name":"wp","href":"https:\/\/api.w.org\/{rel}","templated":true}]}}